?
3
Let b(g) = -2*g**2 + 4*g + 12. Determine b(5).
-18
Let f(n) = 4*n**2 + 15*n + 4. Calculate f(-3).
-5
Let p(s) = -s**3 + 11*s**2 + 3*s - 12. What is p(11)?
21
Let n(b) = -b**3 + 17*b**2 + 16*b + 16. What is n(18)?
-20
Let h(t) = -6*t**2 + 4*t. Determine h(2).
-16
Let h(f) = f + 3. What is h(0)?
3
Let l(h) = h**2 + 11*h - 11. Give l(-9).
-29
Let r(b) = b + 162. Give r(0).
162
Let o(b) = -7*b - 18. Determine o(-14).
80
Let l(j) = j**2 - 19*j + 31. What is l(16)?
-17
Let t(r) = r**3 + 5*r**2 - 40*r + 10. What is t(4)?
-6
Let r(c) = -c**3 + 6*c**2 - c + 7. What is r(6)?
1
Let d(q) = q**3 - 12*q**2 - 16*q + 24. Give d(13).
-15
Let f(l) = -2*l**2 + 3*l - 3. Calculate f(3).
-12
Let s(v) = -v**3 - 6*v**2 + v - 2. Determine s(-5).
-32
Let x(j) = -j - 22. What is x(-5)?
-17
Let z(j) = -j**2 - 29*j - 41. Determine z(-30).
-71
Let r(t) = -2*t**3 + 9*t**2 - 4*t + 2. Give r(4).
2
Let d(j) = j**2 + 80. Give d(0).
80
Let z(p) = -p**2 - p - 1. What is z(-3)?
-7
Let w(r) = r**3 - 2*r**2 - r + 1. Determine w(2).
-1
Let t(c) = -c**3 - 12*c**2 + 9*c - 45. Give t(-13).
7
Let r(g) = 2*g**2 - 24*g - 17. What is r(13)?
9
Let g(y) = y**2 + 11*y + 6. Determine g(-11).
6
Let c(q) = q**3 + 10*q**2 - 10*q + 7. What is c(-11)?
-4
Let m(x) = -21*x - 58. Determine m(-5).
47
Let o(p) = p**2 - 8*p + 4. Determine o(6).
-8
Let d(b) = 3*b - 9. Give d(7).
12
Let f(d) = -2*d**3 - 17*d**2 - 20*d - 20. Determine f(-7).
-27
Let a(n) = 2*n - 12. What is a(12)?
12
Let y(x) = 6*x - 3. Give y(-4).
-27
Let t(i) = -i**2 + 15*i + 22. Give t(14).
36
Let n(v) = v - 6. Give n(-19).
-25
Let l(k) = -2*k + 43. Determine l(16).
11
Let u(j) = -j**3 + 17*j**2 - 17*j + 14. What is u(16)?
-2
Let p(k) = 23*k + 31. Calculate p(-1).
8
Let o(w) = -4*w + 7. Determine o(3).
-5
Let p(b) = 2*b**3 - 2*b**2 - 5*b + 7. Give p(3).
28
Let q(a) = a**3 + 13*a**2 + 6. Determine q(-13).
6
Let y(a) = 18*a + 27. Determine y(-1).
9
Let p(v) = -v**3 + 6*v**2 - 3*v - 5. Calculate p(5).
5
Let x(a) = 9*a + 4. What is x(3)?
31
Let r(n) = n**3 + 12*n**2 + 9*n - 11. Determine r(-11).
11
Let w(j) = -j**2 - 23*j + 102. Determine w(-26).
24
Let z(h) = -h**2 - 8*h + 3. Determine z(-8).
3
Let w(o) = o**2 - 11*o - 10. Calculate w(8).
-34
Let i(p) = 5*p + 81. Determine i(-24).
-39
Let z(g) = -6*g - 4. Calculate z(-4).
20
Let p(i) = -2*i**2 - 8*i + 17. Calculate p(-5).
7
Let b(o) = o**3 + 18*o**2 + 18*o - 18. Determine b(-17).
-35
Let v(l) = l**2 + 4*l - 10. Determine v(-6).
2
Let n(l) = -l**2 - 4*l - 14. What is n(-6)?
-26
Let s(p) = -p**2 + 10*p - 12. What is s(10)?
-12
Let l(j) = -j**3 - 3*j**2 - 5*j - 8. What is l(-3)?
7
Let l(s) = s**3 - 42*s**2 + 118*s - 25. Calculate l(39).
14
Let x(m) = m - 1. What is x(1)?
0
Let l(x) = x**3 - 21*x**2 + 107*x - 8. What is l(8)?
16
Let k(f) = -f**3 + 6*f**2 - 9*f + 9. What is k(4)?
5
Let c(p) = p**3 - 3*p**2 - 6*p + 5. What is c(5)?
25
Let r(c) = 12*c + 186. What is r(-16)?
-6
Let d(b) = -b**2 - 6*b + 13. Determine d(-8).
-3
Let z(y) = -y - 5. Give z(-22).
17
Let v(w) = -6*w - 135. Give v(-20).
-15
Let f(h) = -3*h. Calculate f(-5).
15
Let a(k) = 5*k**2 - 55*k. Calculate a(11).
0
Let a(f) = f**3 + 7*f**2 - 8*f - 6. Give a(-8).
-6
Let w(r) = -r**2 + 34*r - 295. What is w(18)?
-7
Let p(y) = -59*y**2 - y - 1. Determine p(-1).
-59
Let x(h) = -4*h + 68. Calculate x(22).
-20
Let z(s) = -102*s**2 + 1. Determine z(-1).
-101
Let f(j) = -j - 30. Determine f(-24).
-6
Let w(k) = k - 3. Give w(2).
-1
Let k(s) = -10*s**2 + 5*s - 4. Determine k(2).
-34
Let c(z) = -5*z**2 - 23*z - 5. What is c(-5)?
-15
Let x(l) = 2*l - 6. Determine x(2).
-2
Let v(w) = -w**2 - 3*w + 4. Calculate v(-7).
-24
Let r(n) = n - 14. Determine r(-21).
-35
Let w(j) = j**3 + 28*j**2 - 31*j - 47. Determine w(-29).
11
Let j(c) = -c**2 + 75*c - 1409. What is j(36)?
-5
Let c(u) = 30*u - 245. Give c(8).
-5
Let w(r) = -2*r**2 - 35*r - 21. Calculate w(-17).
-4
Let v(l) = l**2 - 99*l + 885. Calculate v(10).
-5
Let m(n) = n**3 - 97. Calculate m(0).
-97
Let u(x) = 2*x**3 - x**2 + x - 1. Give u(1).
1
Let d(v) = -126*v - 262. What is d(-2)?
-10
Let r(t) = t**3 + 6*t**2 + 8*t + 6. What is r(-5)?
-9
Let g(v) = -2*v**2 - 11*v - 4. Give g(-4).
8
Let z(f) = -6*f**3 + f**2 + 2*f - 2. What is z(1)?
-5
Let m(k) = -k**3 + 16*k**2 - 9*k + 138. Give m(16).
-6
Let c(f) = f**3 - 5*f**2 - 6*f + 5. What is c(6)?
5
Let d(h) = h**3 + 5*h**2 + h + 5. Determine d(-6).
-37
Let o(g) = -g**3 + 10*g**2 + 11*g + 14. Determine o(11).
14
Let x(t) = t**3 + 3*t**2 - 10*t - 6. Give x(-4).
18
Let v(t) = -9*t**2 + 2*t - 1. What is v(1)?
-8
Let p(m) = -m**3 + m + 1. Calculate p(2).
-5
Let g(q) = q**2 - 7*q. Calculate g(3).
-12
Let d(k) = 2*k**2 + 7*k. Calculate d(-3).
-3
Let d(n) = -n**3 - 4*n**2 + 4*n + 2. Determine d(-5).
7
Let a(f) = 7*f - 14. What is a(2)?
0
Let l(a) = -a**2 - 11*a - 15. What is l(-3)?
9
Let f(n) = 5*n**2 - 2*n. Give f(-1).
7
Let g(y) = -2*y - 42. Give g(8).
-58
Let a(o) = -6*o**2 + 8*o - 8. Calculate a(2).
-16
Let s(w) = -w**3 + 5*w**2 - 7*w + 6. What is s(4)?
-6
Let w(b) = b**3 - 33*b - 22. Determine w(6).
-4
Let h(a) = 2*a**2 + 3*a - 1. Calculate h(-5).
34
Let f(q) = -13*q - 40. Calculate f(-5).
25
Let s(g) = 30*g + 9. Give s(-1).
-21
Let z(j) = -j**3 + 4*j**2 + 3*j + 1. What is z(-2)?
19
Let o(s) = -3*s**3 + 2*s**2 + 3*s - 4. Give o(2).
-14
Let u(j) = -j - 41. What is u(-9)?
-32
Let z(r) = -2*r - 3. What is z(-10)?
17
Let w(l) = 2*l**2 + 7*l + 7. Give w(-2).
1
Let s(d) = d - 14. Calculate s(2).
-12
Let a(u) = -5*u - 7. Determine a(-6).
23
Let a(v) = 4*v**2 + 96*v - 2. What is a(-24)?
-2
Let c(q) = -q**2 + q + 4. What is c(-4)?
-16
Let g(s) = 2*s - 23. Determine g(10).
-3
Let z(r) = -7*r - 45. Calculate z(0).
-45
Let v(p) = p**2 + 11*p - 15. What is v(-10)?
-25
Let m(i) = i**3 + 6*i**2 - 5*i + 84. Determine m(-8).
-4
Let y(z) = -z**3 + 47*z**2 - z + 33. Determine y(47).
-14
Let f(d) = 55*d - 553. Determine f(10).
-3
Let r(p) = 2*p**2 - 53*p - 194. What is r(-4)?
50
Let g(q) = 3*q + 4. What is g(-12)?
-32
Let z(o) = -9*o**2 + 25*o - 19. What is z(2)?
-5
Let v(i) = -62*i - 379. What is v(-6)?
-7
Let f(x) = 2*x**2 - 8*x + 6. Calculate f(5).
16
Let k(p) = -6*p + 40. Calculate k(6).
4
Let c(k) = k**2 + 7*k + 7. Give c(-4).
-5
Let j(c) = 12*c**2 + 2*c + 2. Give j(2).
54
Let p(o) = 3*o + 88. Give p(-36).
-20
Let z(n) = 2*n**3 + 2*n**2 - 10*n + 5. Calculate z(2).
9
Let z(m) = m - 9. Determine z(-5).
-14
Let t(x) = -x**3 - 13*x**2 + x + 11. What is t(-13)?
-2
Let c(p) = -p**2 - 225*p + 1867. What is c(8)?
3
Let r(b) = -2*b + 31. Give r(8).
15
Let y(r) = 131*r**2 - 4*r - 1. What is y(1)?
126
Let k(b) = b**3 + b**2 + 3*b + 5. Give k(-2).
-5
Let n(o) = o**2 - 8*o + 4. What is n(5)?
-11
Let q(p) = -140*p + 133. Calculate q(1).
-7
Let x(q) = 2*q - 14. What is x(12)?
10
Let q(l) = 5*l + 29. Calculate q(-14).
-41
Let v(d) = -d**2 - 14*d - 24. Give v(-9).
21
Let x(h) = h + 11. Determine x(11).
22
Let j(u) = u**2 - 21*u + 143. Calculate j(12).
35
Let t(c) = -3*c**3 - 2*c**2 - c. Calculate t(-1).
2
Let w(d) = d**3 + 3*d**2 - 11*d - 12. Give w(-6).
-54
Let i(z) = z**3 - z**2 + 5. Calculate i(0).
5
Let u(k) = k**2 + 12*k - 3. Give u(-12).
-3
Let v(h) = h**2 + 10*h + 8. Determine v(-10).
8
Let i(a) = 3*a + 21. Give i(-9).
-6
Let d(s) = s**3 + 11*s**2 + 7*s + 14. What is d(-11)?
-63
Let s(t) = 4*t - 8. Determine s(4).
8
Let l(f) = -f**3 - f**2 + 6*f + 7. What is l(-3)?
7
Let a(s) = s**3 + 5*s**2 + 3*s + 2. Calculate a(-4).
6
Let m(w) = -w**2 + 67*w - 814. Determine m(16).
2
Let q(n) = n**2 + 42*n - 520. Determine q(-52).
0
Let w(m) = -27*m**3 - m**2. Give w(1).
-28
Let u(w) = w**2 + 2*w - 58. Give u(-10).
22
Let q(m) = m**3 - 7*m**2 - 2*m + 3. Give q(7).
-11
Let l(z) = z**3 + 16*z**2 + 19*z + 65. Calculate l(-15).
5
Let o(n) = 6*n + 6. Calculate o(-7).
-36
Let b(r) = -2*r - 141. Determine b(-22).
-97
Let h(a) = a**2 + 8*a - 3. Calculate h(-12).
45
Let v(d) = -2*d**3 + 4*d**2 - 3*d - 2. Determine v(3).
-29
Let j(o) = -o**3 - 2*o**2 - 7. Give j(0).
-7
Let s(f) = -f**2 + 9*f + 4. Calculate s(9).
4
Let r(l) = -9*l**2 + 4*l + 13. Calculate r(0).
13
Let q(m) = -m**3 + 7*m**2 - 9*m + 18. What is q(6)?
0
Let q(g) = -13*g - 46. Determine q(-4).
6
Let m(o) = o**3 - 14*o**2 - 53*o + 28. What is m(17)?
-6
Let n(k) = 2*k + 14. What is n(12)?
38
Let z(d) = -d**2 + 6*d - 4. Calculate z(3).
5